st common factor of h and 42?
14
Let a be -3 + 3/(-1) + 144. Let n = -66 + a. Let g(t) = -18*t. Let v be g(-1). What is the greatest common factor of n and v?
18
Let h = 139 - 47. Let t be 1/(-1) - (1 - h). Let l(m) = 10*m**3 + m**2 - 2*m + 1. Let q be l(1). Calculate the greatest common factor of t and q.
10
Let q(d) = 14*d + 2. Let h be q(2). Calculate the greatest common divisor of h and 30.
30
Suppose 4*n = 3*r - 168 + 44, -5*n - 85 = -2*r. Calculate the greatest common divisor of 16 and r.
8
Suppose 0 = g - 3*g. Let z be 5 + (g - (-2 - -3)). Suppose 3*o + 4 - 68 = -z*k, 0 = o - 4*k. What is the highest common divisor of 16 and o?
16
Suppose 2*z + 0 = 6. Suppose z*a - 240 = 108. Let k be a/10 + 2/5. What is the highest common divisor of 132 and k?
12
Let u(n) = 10*n + 1. Let o be u(-2). Let g = 82 + o. Suppose -2*p + 28 = 2*p. What is the highest common divisor of g and p?
7
Let j = 1 - -3. Suppose 0 = j*l - h - 47, 5*l = -5*h + 28 + 12. Calculate the highest common factor of 55 and l.
11
Suppose -170 = -v - 62. Calculate the greatest common factor of 12 and v.
12
Suppose 2*d - 23 + 9 = 0. Suppose 3*c = 3*i + c - 63, -i = 4*c - d. What is the highest common divisor of i and 171?
19
Let x = -10 - -14. Suppose 2*i + 26 = x*i. What is the highest common factor of i and 143?
13
Suppose -k = -5, 4*k - 1 = 3*s + 13. Suppose 3*m + 4*t - 8 = 0, -13 = -3*m + 2*t + 1. Calculate the highest common factor of m and s.
2
Let i = -31 - -96. Suppose 2*v + 5*n = i - 9, 0 = -v - 4*n + 34. Calculate the greatest common factor of 2 and v.
2
Suppose 0 = -g - 2*g + 9. Let d be (g - -78)*(-8)/(-6). Calculate the highest common factor of d and 18.
18
Let w be (0 - 25)*168/(-30). Calculate the highest common factor of 28 and w.
28
Let j be -2 - 0 - (1 + -9). What is the greatest common divisor of j and 48?
6
Let s = 403 + -307. Let v(z) = z**2 - 3*z + 5. Let n be v(4). Suppose 3*d - n - 27 = 0. What is the greatest common divisor of d and s?
12
Let y be -5 + 2 - (0 + -11). Let s be (47 - 5)*y/3. Suppose -2*k = -k + 4*d - 34, 0 = -2*k + 3*d + 13. What is the highest common factor of k and s?
14
Let a = -12 + 22. Calculate the highest common divisor of a and 2.
2
Suppose -5*l = -4*l + 5. Let c = l - -29. Let b be (-23)/(-3) - (-2)/6. Calculate the greatest common factor of c and b.
8
Let p be (-164)/(-9) + (-4)/18. Let z = -6 + 42. What is the highest common factor of p and z?
18
Suppose -c - 25 = -2*m - 8, -13 = 2*m + 5*c. What is the highest common divisor of m and 66?
6
Suppose -2*v + 15 = y, -5*y - 3*v = -4*v - 86. What is the greatest common factor of 34 and y?
17
Suppose 2*o = -2*o + i + 203, -5*o + 257 = 2*i. Calculate the highest common factor of o and 34.
17
Let n(c) = c**3 - 2*c**2 - 12*c + 3. Let y be n(5). Calculate the greatest common factor of 6 and y.
6
Let w be ((-10)/3)/((-3)/99). What is the highest common factor of w and 44?
22
Suppose -4*z + 12 = -0*z. Let l be (-14)/(-3) - (-1)/z. Suppose -15 = -l*c, -37 = 3*w + c - 160. Calculate the greatest common factor of w and 16.
8
Suppose h + 0 = 11. What is the greatest common factor of h and 33?
11
Let s(x) = -4 + 5*x**2 - 3*x**2 + 6*x**3 + 3. Let j be s(1). Let a = -50 + 71. Calculate the highest common divisor of a and j.
7
Let l(q) = 25*q - 1. Let g = -14 - -15. Let c be l(g). Calculate the greatest common factor of 12 and c.
12
Let i = 347 + -182. Suppose 3*m = 3*d - 2*d - 21, -d = m - 13. Calculate the greatest common divisor of d and i.
15
Let o = 29 + -19. Suppose -4*v = -o + 2. Suppose -4*t + 18 = 2*s, -v*t + 5 - 26 = -s. Calculate the highest common divisor of s and 165.
15
Suppose 2*c = 5*j - 92, 2*j - j + 2*c = 28. Calculate the greatest common divisor of 30 and j.
10
Let d = 148 + -133. What is the greatest common divisor of 255 and d?
15
Suppose -b - 162 = 2*b. Let t be b/(-4) + 4/8. Let n be 2/6 - 208/(-6). What is the greatest common factor of t and n?
7
Let a be (-195)/(-27) + (-18)/81. What is the greatest common factor of 112 and a?
7
Let v(r) = 11*r + 20. Let l be v(9). Calculate the highest common factor of 17 and l.
17
Let r(z) be the third derivative of z**5/60 - z**4/8 + 2*z**2. Let f be r(7). Suppose 9*c - 4*c = 20. Calculate the highest common divisor of c and f.
4
Let a = -3 + 1. Let n be 0/(a + 1 - 1). Suppose 6*s - s - 240 = n. Calculate the highest common divisor of s and 6.
6
Let j be ((-6)/21 - 188/28)*-1. Calculate the highest common factor of j and 28.
7
Suppose 3*b = -2*b + 15. Let p be ((-5 - -1) + b)*-15. Calculate the greatest common divisor of 30 and p.
15
Suppose 2*i + 0*i = 3*z - 15, 0 = 2*i - 5*z + 25. Suppose i = -3*b - 60 + 618. Suppose -4*v + b + 122 = 0. What is the greatest common divisor of v and 7?
7
Let v(s) = -2*s + 5. Let b(z) = -z + 3. Let d(w) = 5*b(w) - 3*v(w). Let a be d(4). Let f be (2/4)/((-2)/(-80)). Calculate the highest common divisor of f and a.
4
Suppose -40*a + 33*a + 182 = 0. What is the greatest common factor of a and 26?
26
Suppose -4*p + 6*g + 138 = g, -3*g - 179 = -5*p. What is the highest common divisor of 333 and p?
37
Let q be ((-72)/(-45))/(1/5). Calculate the highest common divisor of 52 and q.
4
Let g = 10 - 4. Suppose -g*r = -r - 20. Suppose r*x = -4*j + 148, 5*x = -2*j + 60 + 5. What is the greatest common factor of j and 60?
20
Let l(d) = d**2 - d - 1. Let a be l(2). Suppose -3*t + 35 = -a. Let k = 19 + -13. What is the greatest common factor of t and k?
6
Let q(f) = 3 - f**2 - 2 + 5 - 7*f - 4. Let m be q(-6). Calculate the greatest common factor of 64 and m.
8
Let k(g) = -g**3 + 4*g**2 + 5*g + 9. Let t be k(5). Calculate the greatest common divisor of 3 and t.
3
Let n(o) = -2*o - 1. Let d be n(-5). Suppose -a + 25 = 4*i, 3*i + 9 - 66 = -5*a. Calculate the greatest common divisor of d and a.
9
Suppose 3*i = -3*y - 60, -92 = 5*i - 2*i - 5*y. Let c be (-9)/(-12)*i/(-2). What is the greatest common divisor of 3 and c?
3
Let s(w) = w**2 + 2*w - 12. Let r be s(-5). What is the greatest common divisor of r and 39?
3
Suppose -14 = -i - 0*i. Calculate the greatest common factor of i and 154.
14
Suppose 2*y - 137 = -0*y - 3*r, 0 = 2*y + 2*r - 134. What is the greatest common divisor of 8 and y?
8
Let h = -143 - -263. Calculate the highest common factor of h and 15.
15
Let c = 31 - 21. Let m be (234/(-4))/((-5)/c). What is the highest common factor of m and 13?
13
Let u(l) = 8*l**2 - 2*l - 12. Let a be u(4). Calculate the highest common divisor of a and 48.
12
Let b(v) = -70*v + 5. Let g be b(-3). Calculate the highest common factor of 86 and g.
43
Let t(k) = k**2 - k - 8. Let j be t(5). Calculate the highest common factor of 12 and j.
12
Suppose -3*m + 5*m + 18 = 4*w, -2*m - 3*w = -10. Let q = 5 + -7. Let j be m*q*(-78)/(-4). Calculate the greatest common divisor of 13 and j.
13
Let y be (14 - -1)*17/3. Let s(t) be the first derivative of t**3/3 + 34*t - 2. Let g be s(0). What is the highest common factor of y and g?
17
Suppose 0 = -6*f + f + 160. Calculate the highest common factor of 16 and f.
16
Suppose -y - 4*y = -55. Let n(m) = 4*m**3 + m - 1. Let p be n(1). Suppose 3*w = s + 4*w - 77, 385 = 5*s - p*w. What is the greatest common divisor of y and s?
11
Suppose 4*p + 13 = 2*f - 13, -34 = -4*f + 2*p. Suppose -f*l - 132 = -11*l. Calculate the highest common factor of l and 22.
11
Let v = -32 - -53. Calculate the greatest common divisor of v and 14.
7
Suppose 46 + 86 = 6*w. Suppose b = -b. Suppose 0 = -2*m - b*m + 352. Calculate the greatest common factor of m and w.
22
Let v = 5 - 0. Suppose g + 0*z - 20 = z, 0 = -5*g - v*z + 110. What is the highest common factor of g and 14?
7
Let q(f) = -11*f - 23. Let k be q(-6). What is the greatest common factor of 344 and k?
43
Suppose 4*s + 13 = 373. What is the highest common divisor of 20 and s?
10
Suppose -i + 2*b = -60, 4*b = -3*i + 2*b + 164. What is the greatest common factor of 16 and i?
8
Suppose 22*i - 72 = 18*i. What is the highest common divisor of i and 12?
6
Let a(s) = s**3 + 6*s**2 - 2*s - 1. Suppose -6 = 3*c - 7*d + 4*d, 3*d + 24 = -2*c. Let k be a(c). What is the highest common factor of 99 and k?
11
Let g be ((12/14)/(-3))/(1/(-14)). Calculate the greatest common divisor of 1 and g.
1
Suppose -2*s - 4*b = -20, -7*s + 25 = -2*s + 5*b. Suppose s = 4*p + p - 100. Calculate 